
What is the value of 13 + (-6 - (4 + -3)) - 10?
-4
What is -1 + (-2 - 1 - (-9 + 4))?
1
Evaluate 6 + -11 + 10 - 6.
-1
Calculate -2 + (5 - 8) + -2 + 7.
0
Evaluate (8 - 1) + 0 + -2.
5
Evaluate 5 - 4 - (-6 + 3 - 2).
6
What is -9 - (-16 + 7 + -5)?
5
What is 2 - ((-9 - -5) + (0 - -4))?
2
What is the value of 4 + -3 + (6 - 4)?
3
Calculate -7 + 0 + (-17 - -21).
-3
(6 + -4 - (6 - 1)) + 7
4
7 - (6 + 12 + -10)
-1
What is (8 - 4) + -15 + 7?
-4
What is the value of -3 + (6 - (-7 - -5))?
5
-6 - -2 - ((-3 - 0) + -1)
0
What is the value of 0 + (2 + -2 - 3) - -3?
0
Calculate 4 + (-17 - (-3 + (2 - 3))).
-9
What is the value of 10 - ((-10 - -22) + -9)?
7
What is 2 + (2 - (-1 - (2 - 6)))?
1
What is -6 + (-2 - -5) - -1?
-2
What is -4 - ((-6 - 4) + 5)?
1
What is the value of -4 - (5 + -5 - (1 + -2))?
-5
Calculate -1 + 1 - (38 - 39).
1
What is -1 - -12 - (14 - 11)?
8
Evaluate 2 + (-4 - 2) + 3.
-1
Evaluate 1 + -4 + 6 - (-1 - -13).
-9
What is the value of (-1 - (0 - 1)) + (-45 - -54)?
9
What is (-4 - (-3 - 0)) + 5?
4
Evaluate 0 + (5 + -12 - -8).
1
Calculate -8 - (-7 + (16 - 9)).
-8
What is 4 - (3 + 4 + -2)?
-1
What is the value of -32 - -11 - (-12 + -1)?
-8
Evaluate (7 - 3 - 1) + -3.
0
Evaluate 1 - (4 - 5 - (2 - 5)).
-1
Calculate -2 + -16 - (13 - 22 - -1).
-10
What is the value of 8 - ((8 - 19) + 20)?
-1
What is 2 + (-3 - 3) - -6?
2
Evaluate 12 + -9 - -14 - 12.
5
Evaluate 9 - 2 - (-6 - (-17 - -1)).
-3
Evaluate 2 - (3 + 1) - 3.
-5
Evaluate -6 + 0 - 0 - -1.
-5
What is the value of 7 + -1 + 17 + -22?
1
What is -1 + -2 - -4 - (-2 + -1)?
4
4 + (0 + 2 - 3)
3
Evaluate (-9 - -10) + -3 + -3.
-5
Calculate (7 - -1) + (-17 - -12) + -6.
-3
-1 + 8 + -3 + -4
0
Calculate (3 - (3 + -1 - -1)) + -3.
-3
1 + 3 + 4 + -3
5
-1 - -1 - (-6 - (2 - 12))
-4
Calculate (-2 - 3) + 23 + -12.
6
What is the value of 29 - 23 - (11 + -1)?
-4
(-7 - (-6 - -1)) + (0 - 0)
-2
What is the value of (-3 - (-1 + 4 - 13)) + 1?
8
What is -7 - (-1 + -1) - (-13 + 3)?
5
6 - (-1 + 1) - (-34 - -45)
-5
What is the value of (-1 - (4 + -3)) + -1?
-3
What is -1 - (8 - (3 + -5 + 6))?
-5
What is -8 + 7 + 2 + 0 - 1?
0
What is the value of (2 - (-7 + -4 + 6)) + -5?
2
What is the value of -2 + 4 - -8 - (4 + 2)?
4
Evaluate -1 + 3 - (5 + -5 + 3).
-1
Calculate 4 - (-1 - 0) - (-1 - -1).
5
Calculate (1 - 0) + (-4 - -7).
4
(2 - (3 + 3 + -7)) + -2
1
-2 + 3 - (14 - 18) - -3
8
What is the value of 1 - (-2 + (0 - 0))?
3
Calculate -8 + (2 - -4) - 1.
-3
Evaluate 4 + 4 + 8 + -9.
7
What is -11 + (8 - 8) + 4?
-7
What is (5 - 12) + 5 + (4 - 1)?
1
Evaluate (1 - -3) + -1 + 2.
5
What is -5 - (-13 - (-7 + 4)) - -3?
8
What is the value of (-5 - (-14 + 5)) + (-3 - -2)?
3
Evaluate (-2 - -5 - -2) + -3 - 4.
-2
Evaluate (0 - (-2 - (6 - 5))) + -9.
-6
What is the value of (9 + -14 - (1 - 7)) + 5?
6
What is (1 - (4 + -2)) + -1?
-2
6 + 1 - (-18 - (5 - 23))
7
Evaluate (-26 - -11) + 9 + -1 + -1.
-8
What is the value of -2 + (2 - (-2 + -4))?
6
-7 + (2 - -1) + -4 + 4
-4
What is the value of (0 - -3) + (13 - (22 - 7))?
1
Calculate (-3 - -1) + -22 + 15 + 10.
1
Evaluate -4 + 1 + -8 + 13.
2
Calculate 0 + 1 + 2 + -14 + 15.
4
Calculate 5 + 0 - (6 - -3).
-4
What is -9 - (-8 + -1 + -9)?
9
What is (1 - 0 - (7 - 4)) + 4?
2
What is 1 - 0 - (-2 + 0 + 6)?
-3
What is (-63 - -62 - (0 + -1)) + 0?
0
0 + (-8 + 4 - -7)
3
What is 97 - 96 - (0 - (1 - -3))?
5
What is 5 - (7 + -10 + 5)?
3
Evaluate (-6 - 0) + 1 + -1 + 3.
-3
Evaluate (-3 - -9) + (5 - 11) + -1.
-1
What is (-1 - -1) + 4 + 1?
5
What is 6 - (-4 + 7) - 6 - -1?
-2
Evaluate 1 + 2 + 8 + -6 + -7.
-2
Evaluate -12 + 13 + (8 - 0).
9
What is 13 + -15 + 0 + 9?
7
What is the value of 2 - (-1 + -4 - -4)?
3
Evaluate 19 - 6 - (-2 + 11).
4
What is the value of (3 - (-9 + 5 + 4)) + -3?
0
What is the value of -2 + (0 - 0) + -5 + 4?
-3
2 - (-6 + 2 - -7) - 4
-5
What is 2 + -9 + (1 + 10 - -2)?
6
What is (-11 - -14) + 1 + 1?
5
Evaluate 8 + (-8 + 10 - 9).
1
Calculate 8 - (-4 + 2 + 9 - 3).
4
Evaluate 1 + (-2 - 1) + 5.
3
Evaluate (-5 - -18) + 1 - (-2 - -9).
7
Evaluate 12 - (8 + -13 - -10).
7
What is the value of -5 + (-1 - -2) - (134 - 135)?
-3
Calculate -2 - (1 + 0) - 1.
-4
What is the value of -1 - (-9 - (-6 + 3))?
5
1 - 3 - (-86 - -89)
-5
What is 5 + -2 + -1 - 0?
2
What is the value of -1 - 5 - (-6 - -2)?
-2
Calculate 0 + 2 + 10 + -11 + -6.
-5
Evaluate 27 + -29 - (-3 - 6 - 0).
7
Calculate (4 - 4 - -2) + 2.
4
What is the value of -5 - -13 - (-1 - -3 - -2)?
4
What is the value of -7 - (-6 + (4 - 2))?
-3
What is the value of 3 + (1 - (1 + 2) - -5)?
6
Evaluate 9 - (-2 - -4 - -5 - 5).
7
What is -8 + (0 - -3) - (0 + -1)?
-4
Evaluate 3 + -3 + -1 + 2 + -6.
-5
Calculate -3 + -1 - (-3 + -2).
1
5 + 6 + (3 - 11)
3
What is the value of -5 + 9 - (8 - 5)?
1
What is the value of 4 + 2 - (-7 - 2 - -6)?
9
Evaluate (-9 - -7) + -2 + 4 + 2.
2
Calculate 3 + 0 + (-20 - 7) + 13.
-11
Evaluate 3 - (-10 - -10 - (-3 + 2)).
2
What is -7 + 3 - (8 - (1 - -4))?
-7
What is (-74 - -77) + (2 - 6)?
-1
What is 0 + 6 + (-3 - 8)?
-5
Evaluate -123 + 123 + (1 - 0 - 9).
-8
What is the value of 1 + 3 + -1 - (-21 - -21)?
3
Calculate -7 - -11 - -4 - (9 - 4).
3
3 - 1 - -10 - (57 - 50)
5
What is the value of -1 + -2 - (2 + 0 + -6)?
1
1 + 1 - ((-7 - -1) + 3)
5
Evaluate -4 - -3 - (1 - (-9 + 14)).
3
What is the value of -3 - (10 - (-5 + 24))?
6
What is 4 - (-3 - -5 - 6)?
8
8 + -8 - (0 - -6) - 0
-6
What is (-7 - -1) + (9 - (15 - 6))?
-6
What is 3 + (6 - 16) - (-2 - -1)?
-6
Evaluate -6 - ((-5 - -14) + -17).
2
(-9 - -5) + 0 - (4 - 3)
-5
What is -3 + 0 + -4 + 11?
4
Evaluate -5 + (11 - (0 - -3)).
3
Calculate 1 + (-1 - -4) + -7.
-3
6 - (-11 - (-6 + -4))
7
What is -2 + 3 + 2 + -3?
0
0 - 0 - (0 - (6 - 1))
5
What is the value of -1 - (-1 - (5 + -8))?
-3
What is the value of -29 - -36 - (7 - 3)?
3
What is the value of -4 + (6 - (1 + 0))?
1
Calculate 1 + -4 + (14 - 10) - 3.
-2
(2 - 1) + (-25 - -26)
2
2 - (3 - 2) - -4
5
Evaluate -2 - (8 + (-2 - 3)).
-5
Evaluate 1 + (1 + -5 - (-17 - -10)).
4
What is 0 + (4 - (-8 - -13) - -5)?
4
What is 1 - 1 - (-11 - -15)?
-4
What is the value of (1 - -8) + -47 + 44?
6
What is the value of (-15 - -9) + (-2 - -5)?
-3
What is 3 + (-8 - -1) - (9 + -11)?
-2
Calculate (-2 - -5) + 2 - -2 - 4.
3
Calculate -2 + (3 - (0 + 1)).
0
1 + (-5 - 7) + 5
-6
What is (18 - 10) + (-3 - 0)?
5
What is the value of -4 - (3 - 2 - 1) - 1?
-5
What is (25 - 23) + -11 + (2 - 1)?
-8
-2 - (6 + (-3 - 7))
2
Calculate 5 + (-15 - -5) - 0.
-5
Evaluate -10 - (-16 - -4 - -2).
0
Evaluate (0 - 3) + (6 + -3 - 2).
-2
What is the value of (190 - 177) + -6 + 0 + 0?
7
What is the value of -7 + 2 + -2 - -3?
-4
Evaluate (-1 - 3) + 10 + -8.
-2
What is the value of -16 + 10 + 6 + -1?
-1
Evaluate 1 + -2 + 5 + -1.
3
What is 3 - ((1 - 5 - -8) + 4)?
-5
What is -11 - (-14 - (-1 - 7))?
-5
What is 1 - (4 + 1 + -7 + 4)?
-1
What is the value of 9 + -13 + 1 + 6?
3
Calculate -2 + (2 - 1) - (57 + -58).
0
4 - 18 - (0 - 3)
-11
What is 34 - 18 - 13 - (7 + 1)?
-5
What is the value of (-22 + 29 - (3 - 2)) + -6?
0
What is the value of 1 + 0 - (-4 + (3 - -4))?
-2
What is the value of -7 - (-4 + -2 + 0) - -3?
2
Evaluate -166 + 172 + (1 - 8).
-1
What is 7 - (-2 - -2) - (14 + -17)?
10
What is 0 + -4 + 1 - -2 - -1?
0
-3 + 0 - 4 - (-7 + 0)
0
Calculate 1 - (2 + (6 - 3)).
-4
What is -6 - (-6 + -10 + 5) - 6?
-1
Calculate -4 - (-6 + 1) - (4 + -1).
-2
2 + (1 + -4 - -1) - 3
-3
Evaluate 2 + -4 - (-10 + 11 + 1).
-4
Calculate 1 + -6 + 3 + 7.
5
Calculate -6 + 8 + 1 + 7 + -1.
9
What is the value of 9 - (-14 + 11) - 12?
0
Evaluate -6 + 1 - (9 + -10 + -13).
9
What is the value of 4 + -2 - (2 - 0)?
0
(-2 - (-13 + 6)) + -6
-1
Evaluate 16 + 3 + -9 + 8 + -8.
10
Evaluate (-5 - ((-3 - -2) + 2)) + 1.
-5
What is the value of 2 + (3 - 2 - -1 - 1)?
3
What is (-12 - -13) + (-1 - 3 - 0)?
-3
What is 3 + -1 + (-3 + 1 - -2)?
2
Evaluate (0 + 2 + -6 - -8) + 4.
8
Evaluate -3 + (-9 - -4) + 17.
9
Evaluate -4 + 3 - (-8 + 7).
0
-5 + 6 - (-5 - -4) - 6
-4
Calculate -1 + (10 - (-1 - -3) - 4).
3
What is (-3 - -1) + -2 - (9 - 14)?
1
Evaluate (4 - 8 - -5) + 0.
1
Evaluate 3 - ((8 - 6) + 3).
-2
What is -1 + (-14 - -20) + -3 + -12?
-10
What is the value of (-90 - -93) + 2 + 3 + -6?
2
(4 - 8) + (-1 - -11) + -6
0
What is (-4 - -2) + -8 + 4?
-6
Evaluate 8 + 6 + -10 + 0 + -1.
3
Evaluate 8 + 0 - (6 - -1).
1
What is (4 - 7 - -2) + (4 - 3)?
0
What is -1 + -1 + -2 + (3 - 2)?
-3
Evaluate (-